{"id":879,"date":"2021-03-23T18:11:06","date_gmt":"2021-03-23T21:11:06","guid":{"rendered":"http:\/\/www.tirito.com.ar\/webwp\/?post_type=product&#038;p=879"},"modified":"2026-01-13T16:36:37","modified_gmt":"2026-01-13T19:36:37","slug":"pasatrapo-jag-motriz-para-baqueta","status":"publish","type":"product","link":"https:\/\/www.tirito.com.ar\/webwp\/producto\/pasatrapo-jag-motriz-para-baqueta\/","title":{"rendered":"Pasatrapo Jag Motriz para Baqueta"},"content":{"rendered":"","protected":false},"excerpt":{"rendered":"<ul>\n<li>Este accesorio nos permite empujar el parche de limpieza a trav\u00e9s del interior del ca\u00f1\u00f3n de nuestra arma de fuego.<\/li>\n<li>Aplicar con precisi\u00f3n limpiadores, desengrasantes, lubricantes y protectores.<\/li>\n<li>Retirar la suciedad removida por el cepillo.<\/li>\n<li>Comprobar que el interior del ca\u00f1\u00f3n est\u00e9 limpio.<\/li>\n<li>Secar el interior del ca\u00f1\u00f3n al iniciar nuestra pr\u00e1ctica de tiro.<\/li>\n<\/ul>\n<p><span style=\"color: #ff0000;\"><strong>NOTA: Solo tenemos en stock para los calibres listados aqui debajo<\/strong><\/span><\/p>\n","protected":false},"featured_media":875,"template":"","meta":{"_ti_tpc_template_sync":false,"_ti_tpc_template_id":""},"product_cat":[24],"product_tag":[1174,69,1173],"yoast_head":"<!-- This site is optimized with the Yoast SEO plugin v19.8 - https:\/\/yoast.com\/wordpress\/plugins\/seo\/ -->\n<title>Pasatrapo Jag Motriz para Baqueta - Tirito<\/title>\n<meta name=\"robots\" content=\"index, follow, max-snippet:-1, max-image-preview:large, max-video-preview:-1\" \/>\n<link rel=\"canonical\" href=\"https:\/\/www.tirito.com.ar\/webwp\/producto\/pasatrapo-jag-motriz-para-baqueta\/\" \/>\n<meta property=\"og:locale\" content=\"es_ES\" \/>\n<meta property=\"og:type\" content=\"article\" \/>\n<meta property=\"og:title\" content=\"Pasatrapo Jag Motriz para Baqueta - Tirito\" \/>\n<meta property=\"og:description\" content=\"Este accesorio nos permite empujar el parche de limpieza a trav\u00e9s del interior del ca\u00f1\u00f3n de nuestra arma de fuego.  Aplicar con precisi\u00f3n limpiadores, desengrasantes, lubricantes y protectores.  Retirar la suciedad removida por el cepillo.  Comprobar que el interior del ca\u00f1\u00f3n est\u00e9 limpio.  Secar el interior del ca\u00f1\u00f3n al iniciar nuestra pr\u00e1ctica de tiro.  NOTA: Solo tenemos en stock para los calibres listados aqui debajo\" \/>\n<meta property=\"og:url\" content=\"https:\/\/www.tirito.com.ar\/webwp\/producto\/pasatrapo-jag-motriz-para-baqueta\/\" \/>\n<meta property=\"og:site_name\" content=\"Tirito\" \/>\n<meta property=\"article:modified_time\" content=\"2026-01-13T19:36:37+00:00\" \/>\n<meta property=\"og:image\" content=\"http:\/\/www.tirito.com.ar\/webwp\/wp-content\/uploads\/2021\/03\/PasatrapoJag.jpg\" \/>\n\t<meta property=\"og:image:width\" content=\"600\" \/>\n\t<meta property=\"og:image:height\" content=\"600\" \/>\n\t<meta property=\"og:image:type\" content=\"image\/jpeg\" \/>\n<meta name=\"twitter:card\" content=\"summary_large_image\" \/>\n<script type=\"application\/ld+json\" class=\"yoast-schema-graph\">{\"@context\":\"https:\/\/schema.org\",\"@graph\":[{\"@type\":\"WebPage\",\"@id\":\"https:\/\/www.tirito.com.ar\/webwp\/producto\/pasatrapo-jag-motriz-para-baqueta\/\",\"url\":\"https:\/\/www.tirito.com.ar\/webwp\/producto\/pasatrapo-jag-motriz-para-baqueta\/\",\"name\":\"Pasatrapo Jag Motriz para Baqueta - Tirito\",\"isPartOf\":{\"@id\":\"https:\/\/www.tirito.com.ar\/webwp\/#website\"},\"datePublished\":\"2021-03-23T21:11:06+00:00\",\"dateModified\":\"2026-01-13T19:36:37+00:00\",\"breadcrumb\":{\"@id\":\"https:\/\/www.tirito.com.ar\/webwp\/producto\/pasatrapo-jag-motriz-para-baqueta\/#breadcrumb\"},\"inLanguage\":\"es-AR\",\"potentialAction\":[{\"@type\":\"ReadAction\",\"target\":[\"https:\/\/www.tirito.com.ar\/webwp\/producto\/pasatrapo-jag-motriz-para-baqueta\/\"]}]},{\"@type\":\"BreadcrumbList\",\"@id\":\"https:\/\/www.tirito.com.ar\/webwp\/producto\/pasatrapo-jag-motriz-para-baqueta\/#breadcrumb\",\"itemListElement\":[{\"@type\":\"ListItem\",\"position\":1,\"name\":\"Inicio\",\"item\":\"https:\/\/www.tirito.com.ar\/webwp\/\"},{\"@type\":\"ListItem\",\"position\":2,\"name\":\"Tienda\",\"item\":\"https:\/\/www.tirito.com.ar\/webwp\/tienda\/\"},{\"@type\":\"ListItem\",\"position\":3,\"name\":\"Pasatrapo Jag Motriz para Baqueta\"}]},{\"@type\":\"WebSite\",\"@id\":\"https:\/\/www.tirito.com.ar\/webwp\/#website\",\"url\":\"https:\/\/www.tirito.com.ar\/webwp\/\",\"name\":\"Tirito\",\"description\":\"Armeria\",\"publisher\":{\"@id\":\"https:\/\/www.tirito.com.ar\/webwp\/#organization\"},\"potentialAction\":[{\"@type\":\"SearchAction\",\"target\":{\"@type\":\"EntryPoint\",\"urlTemplate\":\"https:\/\/www.tirito.com.ar\/webwp\/?s={search_term_string}\"},\"query-input\":\"required name=search_term_string\"}],\"inLanguage\":\"es-AR\"},{\"@type\":\"Organization\",\"@id\":\"https:\/\/www.tirito.com.ar\/webwp\/#organization\",\"name\":\"Tirito\",\"url\":\"https:\/\/www.tirito.com.ar\/webwp\/\",\"sameAs\":[],\"logo\":{\"@type\":\"ImageObject\",\"inLanguage\":\"es-AR\",\"@id\":\"https:\/\/www.tirito.com.ar\/webwp\/#\/schema\/logo\/image\/\",\"url\":\"http:\/\/www.tirito.com.ar\/webwp\/wp-content\/uploads\/2022\/10\/tirilogo3.png\",\"contentUrl\":\"http:\/\/www.tirito.com.ar\/webwp\/wp-content\/uploads\/2022\/10\/tirilogo3.png\",\"width\":200,\"height\":200,\"caption\":\"Tirito\"},\"image\":{\"@id\":\"https:\/\/www.tirito.com.ar\/webwp\/#\/schema\/logo\/image\/\"}}]}<\/script>\n<!-- \/ Yoast SEO plugin. -->","yoast_head_json":{"title":"Pasatrapo Jag Motriz para Baqueta - Tirito","robots":{"index":"index","follow":"follow","max-snippet":"max-snippet:-1","max-image-preview":"max-image-preview:large","max-video-preview":"max-video-preview:-1"},"canonical":"https:\/\/www.tirito.com.ar\/webwp\/producto\/pasatrapo-jag-motriz-para-baqueta\/","og_locale":"es_ES","og_type":"article","og_title":"Pasatrapo Jag Motriz para Baqueta - Tirito","og_description":"Este accesorio nos permite empujar el parche de limpieza a trav\u00e9s del interior del ca\u00f1\u00f3n de nuestra arma de fuego.  Aplicar con precisi\u00f3n limpiadores, desengrasantes, lubricantes y protectores.  Retirar la suciedad removida por el cepillo.  Comprobar que el interior del ca\u00f1\u00f3n est\u00e9 limpio.  Secar el interior del ca\u00f1\u00f3n al iniciar nuestra pr\u00e1ctica de tiro.  NOTA: Solo tenemos en stock para los calibres listados aqui debajo","og_url":"https:\/\/www.tirito.com.ar\/webwp\/producto\/pasatrapo-jag-motriz-para-baqueta\/","og_site_name":"Tirito","article_modified_time":"2026-01-13T19:36:37+00:00","og_image":[{"width":600,"height":600,"url":"http:\/\/www.tirito.com.ar\/webwp\/wp-content\/uploads\/2021\/03\/PasatrapoJag.jpg","type":"image\/jpeg"}],"twitter_card":"summary_large_image","schema":{"@context":"https:\/\/schema.org","@graph":[{"@type":"WebPage","@id":"https:\/\/www.tirito.com.ar\/webwp\/producto\/pasatrapo-jag-motriz-para-baqueta\/","url":"https:\/\/www.tirito.com.ar\/webwp\/producto\/pasatrapo-jag-motriz-para-baqueta\/","name":"Pasatrapo Jag Motriz para Baqueta - Tirito","isPartOf":{"@id":"https:\/\/www.tirito.com.ar\/webwp\/#website"},"datePublished":"2021-03-23T21:11:06+00:00","dateModified":"2026-01-13T19:36:37+00:00","breadcrumb":{"@id":"https:\/\/www.tirito.com.ar\/webwp\/producto\/pasatrapo-jag-motriz-para-baqueta\/#breadcrumb"},"inLanguage":"es-AR","potentialAction":[{"@type":"ReadAction","target":["https:\/\/www.tirito.com.ar\/webwp\/producto\/pasatrapo-jag-motriz-para-baqueta\/"]}]},{"@type":"BreadcrumbList","@id":"https:\/\/www.tirito.com.ar\/webwp\/producto\/pasatrapo-jag-motriz-para-baqueta\/#breadcrumb","itemListElement":[{"@type":"ListItem","position":1,"name":"Inicio","item":"https:\/\/www.tirito.com.ar\/webwp\/"},{"@type":"ListItem","position":2,"name":"Tienda","item":"https:\/\/www.tirito.com.ar\/webwp\/tienda\/"},{"@type":"ListItem","position":3,"name":"Pasatrapo Jag Motriz para Baqueta"}]},{"@type":"WebSite","@id":"https:\/\/www.tirito.com.ar\/webwp\/#website","url":"https:\/\/www.tirito.com.ar\/webwp\/","name":"Tirito","description":"Armeria","publisher":{"@id":"https:\/\/www.tirito.com.ar\/webwp\/#organization"},"potentialAction":[{"@type":"SearchAction","target":{"@type":"EntryPoint","urlTemplate":"https:\/\/www.tirito.com.ar\/webwp\/?s={search_term_string}"},"query-input":"required name=search_term_string"}],"inLanguage":"es-AR"},{"@type":"Organization","@id":"https:\/\/www.tirito.com.ar\/webwp\/#organization","name":"Tirito","url":"https:\/\/www.tirito.com.ar\/webwp\/","sameAs":[],"logo":{"@type":"ImageObject","inLanguage":"es-AR","@id":"https:\/\/www.tirito.com.ar\/webwp\/#\/schema\/logo\/image\/","url":"http:\/\/www.tirito.com.ar\/webwp\/wp-content\/uploads\/2022\/10\/tirilogo3.png","contentUrl":"http:\/\/www.tirito.com.ar\/webwp\/wp-content\/uploads\/2022\/10\/tirilogo3.png","width":200,"height":200,"caption":"Tirito"},"image":{"@id":"https:\/\/www.tirito.com.ar\/webwp\/#\/schema\/logo\/image\/"}}]}},"_links":{"self":[{"href":"https:\/\/www.tirito.com.ar\/webwp\/wp-json\/wp\/v2\/product\/879"}],"collection":[{"href":"https:\/\/www.tirito.com.ar\/webwp\/wp-json\/wp\/v2\/product"}],"about":[{"href":"https:\/\/www.tirito.com.ar\/webwp\/wp-json\/wp\/v2\/types\/product"}],"wp:featuredmedia":[{"embeddable":true,"href":"https:\/\/www.tirito.com.ar\/webwp\/wp-json\/wp\/v2\/media\/875"}],"wp:attachment":[{"href":"https:\/\/www.tirito.com.ar\/webwp\/wp-json\/wp\/v2\/media?parent=879"}],"wp:term":[{"taxonomy":"product_cat","embeddable":true,"href":"https:\/\/www.tirito.com.ar\/webwp\/wp-json\/wp\/v2\/product_cat?post=879"},{"taxonomy":"product_tag","embeddable":true,"href":"https:\/\/www.tirito.com.ar\/webwp\/wp-json\/wp\/v2\/product_tag?post=879"}],"curies":[{"name":"wp","href":"https:\/\/api.w.org\/{rel}","templated":true}]}}