{"id":7151,"date":"2023-03-07T15:42:18","date_gmt":"2023-03-07T18:42:18","guid":{"rendered":"http:\/\/www.tirito.com.ar\/webwp\/?post_type=product&#038;p=7151"},"modified":"2024-11-21T17:54:19","modified_gmt":"2024-11-21T20:54:19","slug":"sabatti-tactical-evo-us-desert-cal-300-win-mag-1201150","status":"publish","type":"product","link":"https:\/\/www.tirito.com.ar\/webwp\/producto\/sabatti-tactical-evo-us-desert-cal-300-win-mag-1201150\/","title":{"rendered":"Sabatti Tactical EVO US Desert &#8211; Cal 300 Win. Mag. (1201150)"},"content":{"rendered":"<p><strong>DETALLES:<\/strong><\/p>\n<p>El fusil <strong>Sabatti Tactical EVO US Desert<\/strong> es el rifle de tiro de precisi\u00f3n por excelencia, con caracter\u00edsticas que lo hacen perfecto tanto para fines deportivos como profesionales.<\/p>\n<ul>\n<li>La acci\u00f3n de acero, con orejetas de bloqueo de tres pernos y un r\u00e1pido recorrido del perno de 60 grados, fue dise\u00f1ada espec\u00edficamente para todos aquellos usos que requieren resistencia, larga vida \u00fatil y precisi\u00f3n.<\/li>\n<li>El fusil posee una de las mejores acciones disponibles actualmente en el mercado mundial de rifles de cerrojo. La perilla del cerrojo es intercambiable, y el acabado de la superficie de la acci\u00f3n y el cerrojo garantiza un funcionamiento suave y silencioso sin igual.<\/li>\n<li>El ca\u00f1\u00f3n pesado, orientado a la competencia, cuenta con el patr\u00f3n de estriado multirradial MRR propio de Sabatti, cuyas excelentes actuaciones son muy apreciadas por expertos de todo el mundo. Una rosca de 5\/8\u201d en la boca, cubierta por un protector de rosca extra\u00edble, permite el uso de una amplia variedad de dispositivos de boca (como el freno de boca que viene incluido y puede verse en las fotos).<\/li>\n<li>La culata de nailon reforzado con fibra de vidrio est\u00e1 protegida por un acabado exterior visualmente impresionante que proporciona un excelente agarre en todas las condiciones y un nivel superior de resistencia al desgaste. Posee una carrillera regulable en altura.<\/li>\n<li>La acci\u00f3n se acopla a la culata de una manera completamente innovadora: se deja &#8220;suspendido&#8221; para que flote sobre la culata mediante dos soportes que pr\u00e1cticamente eliminan toda la tensi\u00f3n de acoplamiento y mejoran dr\u00e1sticamente la precisi\u00f3n del disparo.<\/li>\n<\/ul>\n<p><img decoding=\"async\" loading=\"lazy\" class=\"size-full wp-image-6470 aligncenter\" src=\"http:\/\/www.tirito.com.ar\/webwp\/wp-content\/uploads\/2022\/06\/MejorValor-e1667396339493.jpg\" alt=\"\" width=\"400\" height=\"200\" srcset=\"https:\/\/www.tirito.com.ar\/webwp\/wp-content\/uploads\/2022\/06\/MejorValor-e1667396339493.jpg 400w, https:\/\/www.tirito.com.ar\/webwp\/wp-content\/uploads\/2022\/06\/MejorValor-e1667396339493-300x150.jpg 300w, https:\/\/www.tirito.com.ar\/webwp\/wp-content\/uploads\/2022\/06\/MejorValor-e1667396339493-64x32.jpg 64w\" sizes=\"(max-width: 400px) 100vw, 400px\" \/><\/p>\n","protected":false},"excerpt":{"rendered":"<p><strong>Sabatti Tactical EVO US Desert<\/strong><\/p>\n<p>Calibre 300 Win. Mag.<br \/>\nCapacidad: 6+1 tiros<br \/>\nLargo de Ca\u00f1o: 711mm<br \/>\nPosee colocados rieles picatinny, freno de boca e incluye 2 cargadores, estuche rigido Sabatti, manual y certificado de autenticidad.<br \/>\n<em>(Leer abajo para mas informaci\u00f3n)<\/em><br \/>\n<strong>C\u00f3digo: 1201150<\/strong><\/p>\n<p><img decoding=\"async\" loading=\"lazy\" class=\"alignnone size-full wp-image-6470\" src=\"http:\/\/www.tirito.com.ar\/webwp\/wp-content\/uploads\/2022\/06\/MejorValor-e1667396339493.jpg\" alt=\"\" width=\"400\" height=\"200\" srcset=\"https:\/\/www.tirito.com.ar\/webwp\/wp-content\/uploads\/2022\/06\/MejorValor-e1667396339493.jpg 400w, https:\/\/www.tirito.com.ar\/webwp\/wp-content\/uploads\/2022\/06\/MejorValor-e1667396339493-300x150.jpg 300w, https:\/\/www.tirito.com.ar\/webwp\/wp-content\/uploads\/2022\/06\/MejorValor-e1667396339493-64x32.jpg 64w\" sizes=\"(max-width: 400px) 100vw, 400px\" \/><\/p>\n","protected":false},"featured_media":7149,"template":"","meta":{"_ti_tpc_template_sync":false,"_ti_tpc_template_id":""},"product_cat":[1318],"product_tag":[],"yoast_head":"<!-- This site is optimized with the Yoast SEO plugin v19.8 - https:\/\/yoast.com\/wordpress\/plugins\/seo\/ -->\n<title>Sabatti Tactical EVO US Desert - Cal 300 Win. Mag. (1201150) - Tirito<\/title>\n<meta name=\"robots\" content=\"index, follow, max-snippet:-1, max-image-preview:large, max-video-preview:-1\" \/>\n<link rel=\"canonical\" href=\"https:\/\/www.tirito.com.ar\/webwp\/producto\/sabatti-tactical-evo-us-desert-cal-300-win-mag-1201150\/\" \/>\n<meta property=\"og:locale\" content=\"es_ES\" \/>\n<meta property=\"og:type\" content=\"article\" \/>\n<meta property=\"og:title\" content=\"Sabatti Tactical EVO US Desert - Cal 300 Win. Mag. (1201150) - Tirito\" \/>\n<meta property=\"og:description\" content=\"Sabatti Tactical EVO US Desert  Calibre 300 Win. Mag. Capacidad: 6+1 tiros Largo de Ca\u00f1o: 711mm Posee colocados rieles picatinny, freno de boca e incluye 2 cargadores, estuche rigido Sabatti, manual y certificado de autenticidad. (Leer abajo para mas informaci\u00f3n) C\u00f3digo: 1201150\" \/>\n<meta property=\"og:url\" content=\"https:\/\/www.tirito.com.ar\/webwp\/producto\/sabatti-tactical-evo-us-desert-cal-300-win-mag-1201150\/\" \/>\n<meta property=\"og:site_name\" content=\"Tirito\" \/>\n<meta property=\"article:modified_time\" content=\"2024-11-21T20:54:19+00:00\" \/>\n<meta property=\"og:image\" content=\"https:\/\/www.tirito.com.ar\/webwp\/wp-content\/uploads\/2023\/03\/Sabatti-Tactical-Evo_Tiri.jpg\" \/>\n\t<meta property=\"og:image:width\" content=\"2500\" \/>\n\t<meta property=\"og:image:height\" content=\"2500\" \/>\n\t<meta property=\"og:image:type\" content=\"image\/jpeg\" \/>\n<meta name=\"twitter:card\" content=\"summary_large_image\" \/>\n<meta name=\"twitter:label1\" content=\"Tiempo de lectura\" \/>\n\t<meta name=\"twitter:data1\" content=\"2 minutos\" \/>\n<script type=\"application\/ld+json\" class=\"yoast-schema-graph\">{\"@context\":\"https:\/\/schema.org\",\"@graph\":[{\"@type\":\"WebPage\",\"@id\":\"https:\/\/www.tirito.com.ar\/webwp\/producto\/sabatti-tactical-evo-us-desert-cal-300-win-mag-1201150\/\",\"url\":\"https:\/\/www.tirito.com.ar\/webwp\/producto\/sabatti-tactical-evo-us-desert-cal-300-win-mag-1201150\/\",\"name\":\"Sabatti Tactical EVO US Desert - Cal 300 Win. Mag. (1201150) - Tirito\",\"isPartOf\":{\"@id\":\"https:\/\/www.tirito.com.ar\/webwp\/#website\"},\"datePublished\":\"2023-03-07T18:42:18+00:00\",\"dateModified\":\"2024-11-21T20:54:19+00:00\",\"breadcrumb\":{\"@id\":\"https:\/\/www.tirito.com.ar\/webwp\/producto\/sabatti-tactical-evo-us-desert-cal-300-win-mag-1201150\/#breadcrumb\"},\"inLanguage\":\"es-AR\",\"potentialAction\":[{\"@type\":\"ReadAction\",\"target\":[\"https:\/\/www.tirito.com.ar\/webwp\/producto\/sabatti-tactical-evo-us-desert-cal-300-win-mag-1201150\/\"]}]},{\"@type\":\"BreadcrumbList\",\"@id\":\"https:\/\/www.tirito.com.ar\/webwp\/producto\/sabatti-tactical-evo-us-desert-cal-300-win-mag-1201150\/#breadcrumb\",\"itemListElement\":[{\"@type\":\"ListItem\",\"position\":1,\"name\":\"Inicio\",\"item\":\"https:\/\/www.tirito.com.ar\/webwp\/\"},{\"@type\":\"ListItem\",\"position\":2,\"name\":\"Tienda\",\"item\":\"https:\/\/www.tirito.com.ar\/webwp\/tienda\/\"},{\"@type\":\"ListItem\",\"position\":3,\"name\":\"Sabatti Tactical EVO US Desert &#8211; Cal 300 Win. Mag. (1201150)\"}]},{\"@type\":\"WebSite\",\"@id\":\"https:\/\/www.tirito.com.ar\/webwp\/#website\",\"url\":\"https:\/\/www.tirito.com.ar\/webwp\/\",\"name\":\"Tirito\",\"description\":\"Armeria\",\"publisher\":{\"@id\":\"https:\/\/www.tirito.com.ar\/webwp\/#organization\"},\"potentialAction\":[{\"@type\":\"SearchAction\",\"target\":{\"@type\":\"EntryPoint\",\"urlTemplate\":\"https:\/\/www.tirito.com.ar\/webwp\/?s={search_term_string}\"},\"query-input\":\"required name=search_term_string\"}],\"inLanguage\":\"es-AR\"},{\"@type\":\"Organization\",\"@id\":\"https:\/\/www.tirito.com.ar\/webwp\/#organization\",\"name\":\"Tirito\",\"url\":\"https:\/\/www.tirito.com.ar\/webwp\/\",\"sameAs\":[],\"logo\":{\"@type\":\"ImageObject\",\"inLanguage\":\"es-AR\",\"@id\":\"https:\/\/www.tirito.com.ar\/webwp\/#\/schema\/logo\/image\/\",\"url\":\"http:\/\/www.tirito.com.ar\/webwp\/wp-content\/uploads\/2022\/10\/tirilogo3.png\",\"contentUrl\":\"http:\/\/www.tirito.com.ar\/webwp\/wp-content\/uploads\/2022\/10\/tirilogo3.png\",\"width\":200,\"height\":200,\"caption\":\"Tirito\"},\"image\":{\"@id\":\"https:\/\/www.tirito.com.ar\/webwp\/#\/schema\/logo\/image\/\"}}]}<\/script>\n<!-- \/ Yoast SEO plugin. -->","yoast_head_json":{"title":"Sabatti Tactical EVO US Desert - Cal 300 Win. Mag. (1201150) - Tirito","robots":{"index":"index","follow":"follow","max-snippet":"max-snippet:-1","max-image-preview":"max-image-preview:large","max-video-preview":"max-video-preview:-1"},"canonical":"https:\/\/www.tirito.com.ar\/webwp\/producto\/sabatti-tactical-evo-us-desert-cal-300-win-mag-1201150\/","og_locale":"es_ES","og_type":"article","og_title":"Sabatti Tactical EVO US Desert - Cal 300 Win. Mag. (1201150) - Tirito","og_description":"Sabatti Tactical EVO US Desert  Calibre 300 Win. Mag. Capacidad: 6+1 tiros Largo de Ca\u00f1o: 711mm Posee colocados rieles picatinny, freno de boca e incluye 2 cargadores, estuche rigido Sabatti, manual y certificado de autenticidad. (Leer abajo para mas informaci\u00f3n) C\u00f3digo: 1201150","og_url":"https:\/\/www.tirito.com.ar\/webwp\/producto\/sabatti-tactical-evo-us-desert-cal-300-win-mag-1201150\/","og_site_name":"Tirito","article_modified_time":"2024-11-21T20:54:19+00:00","og_image":[{"width":2500,"height":2500,"url":"https:\/\/www.tirito.com.ar\/webwp\/wp-content\/uploads\/2023\/03\/Sabatti-Tactical-Evo_Tiri.jpg","type":"image\/jpeg"}],"twitter_card":"summary_large_image","twitter_misc":{"Tiempo de lectura":"2 minutos"},"schema":{"@context":"https:\/\/schema.org","@graph":[{"@type":"WebPage","@id":"https:\/\/www.tirito.com.ar\/webwp\/producto\/sabatti-tactical-evo-us-desert-cal-300-win-mag-1201150\/","url":"https:\/\/www.tirito.com.ar\/webwp\/producto\/sabatti-tactical-evo-us-desert-cal-300-win-mag-1201150\/","name":"Sabatti Tactical EVO US Desert - Cal 300 Win. Mag. (1201150) - Tirito","isPartOf":{"@id":"https:\/\/www.tirito.com.ar\/webwp\/#website"},"datePublished":"2023-03-07T18:42:18+00:00","dateModified":"2024-11-21T20:54:19+00:00","breadcrumb":{"@id":"https:\/\/www.tirito.com.ar\/webwp\/producto\/sabatti-tactical-evo-us-desert-cal-300-win-mag-1201150\/#breadcrumb"},"inLanguage":"es-AR","potentialAction":[{"@type":"ReadAction","target":["https:\/\/www.tirito.com.ar\/webwp\/producto\/sabatti-tactical-evo-us-desert-cal-300-win-mag-1201150\/"]}]},{"@type":"BreadcrumbList","@id":"https:\/\/www.tirito.com.ar\/webwp\/producto\/sabatti-tactical-evo-us-desert-cal-300-win-mag-1201150\/#breadcrumb","itemListElement":[{"@type":"ListItem","position":1,"name":"Inicio","item":"https:\/\/www.tirito.com.ar\/webwp\/"},{"@type":"ListItem","position":2,"name":"Tienda","item":"https:\/\/www.tirito.com.ar\/webwp\/tienda\/"},{"@type":"ListItem","position":3,"name":"Sabatti Tactical EVO US Desert &#8211; Cal 300 Win. Mag. (1201150)"}]},{"@type":"WebSite","@id":"https:\/\/www.tirito.com.ar\/webwp\/#website","url":"https:\/\/www.tirito.com.ar\/webwp\/","name":"Tirito","description":"Armeria","publisher":{"@id":"https:\/\/www.tirito.com.ar\/webwp\/#organization"},"potentialAction":[{"@type":"SearchAction","target":{"@type":"EntryPoint","urlTemplate":"https:\/\/www.tirito.com.ar\/webwp\/?s={search_term_string}"},"query-input":"required name=search_term_string"}],"inLanguage":"es-AR"},{"@type":"Organization","@id":"https:\/\/www.tirito.com.ar\/webwp\/#organization","name":"Tirito","url":"https:\/\/www.tirito.com.ar\/webwp\/","sameAs":[],"logo":{"@type":"ImageObject","inLanguage":"es-AR","@id":"https:\/\/www.tirito.com.ar\/webwp\/#\/schema\/logo\/image\/","url":"http:\/\/www.tirito.com.ar\/webwp\/wp-content\/uploads\/2022\/10\/tirilogo3.png","contentUrl":"http:\/\/www.tirito.com.ar\/webwp\/wp-content\/uploads\/2022\/10\/tirilogo3.png","width":200,"height":200,"caption":"Tirito"},"image":{"@id":"https:\/\/www.tirito.com.ar\/webwp\/#\/schema\/logo\/image\/"}}]}},"_links":{"self":[{"href":"https:\/\/www.tirito.com.ar\/webwp\/wp-json\/wp\/v2\/product\/7151"}],"collection":[{"href":"https:\/\/www.tirito.com.ar\/webwp\/wp-json\/wp\/v2\/product"}],"about":[{"href":"https:\/\/www.tirito.com.ar\/webwp\/wp-json\/wp\/v2\/types\/product"}],"wp:featuredmedia":[{"embeddable":true,"href":"https:\/\/www.tirito.com.ar\/webwp\/wp-json\/wp\/v2\/media\/7149"}],"wp:attachment":[{"href":"https:\/\/www.tirito.com.ar\/webwp\/wp-json\/wp\/v2\/media?parent=7151"}],"wp:term":[{"taxonomy":"product_cat","embeddable":true,"href":"https:\/\/www.tirito.com.ar\/webwp\/wp-json\/wp\/v2\/product_cat?post=7151"},{"taxonomy":"product_tag","embeddable":true,"href":"https:\/\/www.tirito.com.ar\/webwp\/wp-json\/wp\/v2\/product_tag?post=7151"}],"curies":[{"name":"wp","href":"https:\/\/api.w.org\/{rel}","templated":true}]}}