{"id":3080,"date":"2022-02-08T19:17:53","date_gmt":"2022-02-08T22:17:53","guid":{"rendered":"http:\/\/www.tirito.com.ar\/webwp\/?post_type=product&#038;p=3080"},"modified":"2023-03-30T12:45:22","modified_gmt":"2023-03-30T15:45:22","slug":"glock-48-black","status":"publish","type":"product","link":"https:\/\/www.tirito.com.ar\/webwp\/producto\/glock-48-black\/","title":{"rendered":"Glock 48 Black"},"content":{"rendered":"","protected":false},"excerpt":{"rendered":"<p>Glock 48 Black<\/p>\n<p>La pistola semiautom\u00e1tica GLOCK 48 es mono hilera, para que sea delgada y compacta para una mejor capacidad de ocultaci\u00f3n interna. GLOCK 48 emplea el mismo ca\u00f1\u00f3n disparado, operado con retroceso corto y ca\u00f1\u00f3n de cierre cerrado que todas las pistolas GLOCK. El sistema de disparo Safe-Action hace que disparar en situaciones estresantes sea infalible. El agarre de pol\u00edmero de textura rugosa proporciona una sujeci\u00f3n s\u00f3lida. La corredera presenta un acabado plateado PVD y estr\u00edas delanteras y traseras. La mira delantera de punto blanco y la mira trasera de soporte blanco proporcionan una adquisici\u00f3n r\u00e1pida en situaciones de poca luz.<\/p>\n<p>&#8211; Calibre: 9mm Luger<br \/>\n&#8211; Sistema: Safe Action<br \/>\n&#8211; Largo (Total): 185 mm<br \/>\n&#8211; Altura: 128 mm<br \/>\n&#8211; Ancho: 28 mm<br \/>\n&#8211; Long. de Ca\u00f1\u00f3n: 106 mm<br \/>\n&#8211; Peso Cargador Inclu\u00eddo: 588 gramos<br \/>\n&#8211; Capacidad: 10 tiros<br \/>\n&#8211; Resistencia: 2 kg<br \/>\n&#8211; Perfil de Ca\u00f1\u00f3n: derecho, hexagonal<\/p>\n<p><strong>AL MEJOR VALOR DEL MERCADO COMO SIEMPRE&#8230;<\/strong><br \/>\n<strong>LLAMANOS AL (011)4203-8236 Y TE PASAMOS EL PRECIO&#8230;!!!<\/strong><\/p>\n<p><strong>ADEMAS DE ESO TE PRESENTAMOS EL TRAMITE &#8220;SIN GASTO DE GESTION&#8221;<\/strong><\/p>\n","protected":false},"featured_media":3081,"template":"","meta":{"_ti_tpc_template_sync":false,"_ti_tpc_template_id":""},"product_cat":[44],"product_tag":[366,46,478],"yoast_head":"<!-- This site is optimized with the Yoast SEO plugin v19.8 - https:\/\/yoast.com\/wordpress\/plugins\/seo\/ -->\n<title>Glock 48 Black - Tirito<\/title>\n<meta name=\"robots\" content=\"index, follow, max-snippet:-1, max-image-preview:large, max-video-preview:-1\" \/>\n<link rel=\"canonical\" href=\"https:\/\/www.tirito.com.ar\/webwp\/producto\/glock-48-black\/\" \/>\n<meta property=\"og:locale\" content=\"es_ES\" \/>\n<meta property=\"og:type\" content=\"article\" \/>\n<meta property=\"og:title\" content=\"Glock 48 Black - Tirito\" \/>\n<meta property=\"og:description\" content=\"Glock 48 Black  La pistola semiautom\u00e1tica GLOCK 48 es mono hilera, para que sea delgada y compacta para una mejor capacidad de ocultaci\u00f3n interna. GLOCK 48 emplea el mismo ca\u00f1\u00f3n disparado, operado con retroceso corto y ca\u00f1\u00f3n de cierre cerrado que todas las pistolas GLOCK. El sistema de disparo Safe-Action hace que disparar en situaciones estresantes sea infalible. El agarre de pol\u00edmero de textura rugosa proporciona una sujeci\u00f3n s\u00f3lida. La corredera presenta un acabado plateado PVD y estr\u00edas delanteras y traseras. La mira delantera de punto blanco y la mira trasera de soporte blanco proporcionan una adquisici\u00f3n r\u00e1pida en situaciones de poca luz.  - Calibre: 9mm Luger - Sistema: Safe Action - Largo (Total): 185 mm - Altura: 128 mm - Ancho: 28 mm - Long. de Ca\u00f1\u00f3n: 106 mm - Peso Cargador Inclu\u00eddo: 588 gramos - Capacidad: 10 tiros - Resistencia: 2 kg - Perfil de Ca\u00f1\u00f3n: derecho, hexagonal  AL MEJOR VALOR DEL MERCADO COMO SIEMPRE... LLAMANOS AL (011)4203-8236 Y TE PASAMOS EL PRECIO...!!!  ADEMAS DE ESO TE PRESENTAMOS EL TRAMITE &quot;SIN GASTO DE GESTION&quot;\" \/>\n<meta property=\"og:url\" content=\"https:\/\/www.tirito.com.ar\/webwp\/producto\/glock-48-black\/\" \/>\n<meta property=\"og:site_name\" content=\"Tirito\" \/>\n<meta property=\"article:modified_time\" content=\"2023-03-30T15:45:22+00:00\" \/>\n<meta property=\"og:image\" content=\"https:\/\/www.tirito.com.ar\/webwp\/wp-content\/uploads\/2022\/02\/Glock-48-Black.jpg\" \/>\n\t<meta property=\"og:image:width\" content=\"800\" \/>\n\t<meta property=\"og:image:height\" content=\"800\" \/>\n\t<meta property=\"og:image:type\" content=\"image\/jpeg\" \/>\n<meta name=\"twitter:card\" content=\"summary_large_image\" \/>\n<script type=\"application\/ld+json\" class=\"yoast-schema-graph\">{\"@context\":\"https:\/\/schema.org\",\"@graph\":[{\"@type\":\"WebPage\",\"@id\":\"https:\/\/www.tirito.com.ar\/webwp\/producto\/glock-48-black\/\",\"url\":\"https:\/\/www.tirito.com.ar\/webwp\/producto\/glock-48-black\/\",\"name\":\"Glock 48 Black - Tirito\",\"isPartOf\":{\"@id\":\"https:\/\/www.tirito.com.ar\/webwp\/#website\"},\"datePublished\":\"2022-02-08T22:17:53+00:00\",\"dateModified\":\"2023-03-30T15:45:22+00:00\",\"breadcrumb\":{\"@id\":\"https:\/\/www.tirito.com.ar\/webwp\/producto\/glock-48-black\/#breadcrumb\"},\"inLanguage\":\"es-AR\",\"potentialAction\":[{\"@type\":\"ReadAction\",\"target\":[\"https:\/\/www.tirito.com.ar\/webwp\/producto\/glock-48-black\/\"]}]},{\"@type\":\"BreadcrumbList\",\"@id\":\"https:\/\/www.tirito.com.ar\/webwp\/producto\/glock-48-black\/#breadcrumb\",\"itemListElement\":[{\"@type\":\"ListItem\",\"position\":1,\"name\":\"Inicio\",\"item\":\"https:\/\/www.tirito.com.ar\/webwp\/\"},{\"@type\":\"ListItem\",\"position\":2,\"name\":\"Tienda\",\"item\":\"https:\/\/www.tirito.com.ar\/webwp\/tienda\/\"},{\"@type\":\"ListItem\",\"position\":3,\"name\":\"Glock 48 Black\"}]},{\"@type\":\"WebSite\",\"@id\":\"https:\/\/www.tirito.com.ar\/webwp\/#website\",\"url\":\"https:\/\/www.tirito.com.ar\/webwp\/\",\"name\":\"Tirito\",\"description\":\"Armeria\",\"publisher\":{\"@id\":\"https:\/\/www.tirito.com.ar\/webwp\/#organization\"},\"potentialAction\":[{\"@type\":\"SearchAction\",\"target\":{\"@type\":\"EntryPoint\",\"urlTemplate\":\"https:\/\/www.tirito.com.ar\/webwp\/?s={search_term_string}\"},\"query-input\":\"required name=search_term_string\"}],\"inLanguage\":\"es-AR\"},{\"@type\":\"Organization\",\"@id\":\"https:\/\/www.tirito.com.ar\/webwp\/#organization\",\"name\":\"Tirito\",\"url\":\"https:\/\/www.tirito.com.ar\/webwp\/\",\"sameAs\":[],\"logo\":{\"@type\":\"ImageObject\",\"inLanguage\":\"es-AR\",\"@id\":\"https:\/\/www.tirito.com.ar\/webwp\/#\/schema\/logo\/image\/\",\"url\":\"http:\/\/www.tirito.com.ar\/webwp\/wp-content\/uploads\/2022\/10\/tirilogo3.png\",\"contentUrl\":\"http:\/\/www.tirito.com.ar\/webwp\/wp-content\/uploads\/2022\/10\/tirilogo3.png\",\"width\":200,\"height\":200,\"caption\":\"Tirito\"},\"image\":{\"@id\":\"https:\/\/www.tirito.com.ar\/webwp\/#\/schema\/logo\/image\/\"}}]}<\/script>\n<!-- \/ Yoast SEO plugin. -->","yoast_head_json":{"title":"Glock 48 Black - Tirito","robots":{"index":"index","follow":"follow","max-snippet":"max-snippet:-1","max-image-preview":"max-image-preview:large","max-video-preview":"max-video-preview:-1"},"canonical":"https:\/\/www.tirito.com.ar\/webwp\/producto\/glock-48-black\/","og_locale":"es_ES","og_type":"article","og_title":"Glock 48 Black - Tirito","og_description":"Glock 48 Black  La pistola semiautom\u00e1tica GLOCK 48 es mono hilera, para que sea delgada y compacta para una mejor capacidad de ocultaci\u00f3n interna. GLOCK 48 emplea el mismo ca\u00f1\u00f3n disparado, operado con retroceso corto y ca\u00f1\u00f3n de cierre cerrado que todas las pistolas GLOCK. El sistema de disparo Safe-Action hace que disparar en situaciones estresantes sea infalible. El agarre de pol\u00edmero de textura rugosa proporciona una sujeci\u00f3n s\u00f3lida. La corredera presenta un acabado plateado PVD y estr\u00edas delanteras y traseras. La mira delantera de punto blanco y la mira trasera de soporte blanco proporcionan una adquisici\u00f3n r\u00e1pida en situaciones de poca luz.  - Calibre: 9mm Luger - Sistema: Safe Action - Largo (Total): 185 mm - Altura: 128 mm - Ancho: 28 mm - Long. de Ca\u00f1\u00f3n: 106 mm - Peso Cargador Inclu\u00eddo: 588 gramos - Capacidad: 10 tiros - Resistencia: 2 kg - Perfil de Ca\u00f1\u00f3n: derecho, hexagonal  AL MEJOR VALOR DEL MERCADO COMO SIEMPRE... LLAMANOS AL (011)4203-8236 Y TE PASAMOS EL PRECIO...!!!  ADEMAS DE ESO TE PRESENTAMOS EL TRAMITE \"SIN GASTO DE GESTION\"","og_url":"https:\/\/www.tirito.com.ar\/webwp\/producto\/glock-48-black\/","og_site_name":"Tirito","article_modified_time":"2023-03-30T15:45:22+00:00","og_image":[{"width":800,"height":800,"url":"https:\/\/www.tirito.com.ar\/webwp\/wp-content\/uploads\/2022\/02\/Glock-48-Black.jpg","type":"image\/jpeg"}],"twitter_card":"summary_large_image","schema":{"@context":"https:\/\/schema.org","@graph":[{"@type":"WebPage","@id":"https:\/\/www.tirito.com.ar\/webwp\/producto\/glock-48-black\/","url":"https:\/\/www.tirito.com.ar\/webwp\/producto\/glock-48-black\/","name":"Glock 48 Black - Tirito","isPartOf":{"@id":"https:\/\/www.tirito.com.ar\/webwp\/#website"},"datePublished":"2022-02-08T22:17:53+00:00","dateModified":"2023-03-30T15:45:22+00:00","breadcrumb":{"@id":"https:\/\/www.tirito.com.ar\/webwp\/producto\/glock-48-black\/#breadcrumb"},"inLanguage":"es-AR","potentialAction":[{"@type":"ReadAction","target":["https:\/\/www.tirito.com.ar\/webwp\/producto\/glock-48-black\/"]}]},{"@type":"BreadcrumbList","@id":"https:\/\/www.tirito.com.ar\/webwp\/producto\/glock-48-black\/#breadcrumb","itemListElement":[{"@type":"ListItem","position":1,"name":"Inicio","item":"https:\/\/www.tirito.com.ar\/webwp\/"},{"@type":"ListItem","position":2,"name":"Tienda","item":"https:\/\/www.tirito.com.ar\/webwp\/tienda\/"},{"@type":"ListItem","position":3,"name":"Glock 48 Black"}]},{"@type":"WebSite","@id":"https:\/\/www.tirito.com.ar\/webwp\/#website","url":"https:\/\/www.tirito.com.ar\/webwp\/","name":"Tirito","description":"Armeria","publisher":{"@id":"https:\/\/www.tirito.com.ar\/webwp\/#organization"},"potentialAction":[{"@type":"SearchAction","target":{"@type":"EntryPoint","urlTemplate":"https:\/\/www.tirito.com.ar\/webwp\/?s={search_term_string}"},"query-input":"required name=search_term_string"}],"inLanguage":"es-AR"},{"@type":"Organization","@id":"https:\/\/www.tirito.com.ar\/webwp\/#organization","name":"Tirito","url":"https:\/\/www.tirito.com.ar\/webwp\/","sameAs":[],"logo":{"@type":"ImageObject","inLanguage":"es-AR","@id":"https:\/\/www.tirito.com.ar\/webwp\/#\/schema\/logo\/image\/","url":"http:\/\/www.tirito.com.ar\/webwp\/wp-content\/uploads\/2022\/10\/tirilogo3.png","contentUrl":"http:\/\/www.tirito.com.ar\/webwp\/wp-content\/uploads\/2022\/10\/tirilogo3.png","width":200,"height":200,"caption":"Tirito"},"image":{"@id":"https:\/\/www.tirito.com.ar\/webwp\/#\/schema\/logo\/image\/"}}]}},"_links":{"self":[{"href":"https:\/\/www.tirito.com.ar\/webwp\/wp-json\/wp\/v2\/product\/3080"}],"collection":[{"href":"https:\/\/www.tirito.com.ar\/webwp\/wp-json\/wp\/v2\/product"}],"about":[{"href":"https:\/\/www.tirito.com.ar\/webwp\/wp-json\/wp\/v2\/types\/product"}],"wp:featuredmedia":[{"embeddable":true,"href":"https:\/\/www.tirito.com.ar\/webwp\/wp-json\/wp\/v2\/media\/3081"}],"wp:attachment":[{"href":"https:\/\/www.tirito.com.ar\/webwp\/wp-json\/wp\/v2\/media?parent=3080"}],"wp:term":[{"taxonomy":"product_cat","embeddable":true,"href":"https:\/\/www.tirito.com.ar\/webwp\/wp-json\/wp\/v2\/product_cat?post=3080"},{"taxonomy":"product_tag","embeddable":true,"href":"https:\/\/www.tirito.com.ar\/webwp\/wp-json\/wp\/v2\/product_tag?post=3080"}],"curies":[{"name":"wp","href":"https:\/\/api.w.org\/{rel}","templated":true}]}}